t derivative of m**3/3 + 23*m**2 + m + 302. What are the prime factors of p(27)?
2, 17, 29
Let f = -5568 + 9564. What are the prime factors of f?
2, 3, 37
Let w(c) = -c**3 + 17*c**2 + 29*c + 11. Let z be w(17). Suppose a = 5*a - 5*g - 12, -g + 4 = 0. Suppose -a*v + 2*v = -z. What are the prime factors of v?
2, 3, 7
Let t = 36221 + 35241. What are the prime factors of t?
2, 35731
Let d(u) = 2*u**2 + 8*u + 8. Let n = 15 + -19. Let j be d(n). Let c = -3 + j. List the prime factors of c.
5
Let w(i) = -7*i**2 + 631. Suppose 4 = -n + 2*s, 3*n - 2*s + 5 = 1. What are the prime factors of w(n)?
631
Let q(p) = 9*p + 110. Let f be q(-12). Suppose -6507 = -4*j + 2*c - 1073, -f*c = -j + 1363. What are the prime factors of j?
23, 59
Let d(u) = 842*u**2 - 557*u + 5124. List the prime factors of d(9).
3, 7, 3253
Let p(j) be the third derivative of -31*j**4/12 - 49*j**3/6 - 11*j**2. What are the prime factors of p(-9)?
509
Let m = 12354 + -6246. What are the prime factors of m?
2, 3, 509
Suppose 57195 = 3*i - 3*g, -3*i = g + 9088 - 66315. What are the prime factors of i?
19073
Suppose -o + 10 = -12*b + 11*b, 4*o - 38 = 3*b. List the prime factors of (5 - 0 - o)*2104/(-12).
2, 263
Suppose 102353 = 4*b - 5*h, 5*b + 25582 = 6*b + 5*h. What are the prime factors of b?
3, 2843
Let k be (-1 + 23)*(15/6 - 2). Suppose -r = -2*o - k, o + 19 = r - 3*o. Suppose 17 = i + r*a - 37, i + 4*a = 51. What are the prime factors of i?
3, 7
Suppose 27 = -i + 26. What are the prime factors of (i - (-5)/2)*(-92)/(-6)?
23
Let a be 4/((-8)/(16/4)). Let z be a/(-10)*-2 + (-208)/5. Let u = 58 + z. What are the prime factors of u?
2
Let g(p) = -4*p**3 - p**2 + 30*p - 4. Let k(c) = 3*c**3 + 3*c**2 - 31*c + 2. Let z(l) = -2*g(l) - 3*k(l). What are the prime factors of z(-14)?
2, 3, 19
Suppose -669960 = -44*b - 76*b. List the prime factors of b.
3, 1861
Let s = -595 - -598. Suppose -5*f + 3*c = -6416, 8*c - 9*c = -s. List the prime factors of f.
5, 257
Suppose -81146 = -2*j + 88*q - 87*q, -8*q = j - 40590. What are the prime factors of j?
2, 20287
Let g = -715 - -717. Suppose -780 = -d - g*y, 2*d - 4*y = -307 + 1899. List the prime factors of d.
2, 197
Suppose 24 = a - 3*f, -2*a + 9 = -3*f - 24. Suppose d = a*d - 5648. List the prime factors of d.
2, 353
Suppose 0 = 3*o + 2*k - 42386, 2*o - 1985*k + 1980*k - 28232 = 0. List the prime factors of o.
2, 7, 1009
Let j(b) = 2399*b - 776. List the prime factors of j(3).
6421
Suppose 3*v + 18*v = -20900 + 280901. What are the prime factors of v?
3, 4127
Let g(s) = 1177*s**3 - 5*s**2 + 86*s - 161. List the prime factors of g(2).
23, 409
Suppose 0 = -3*o - 2*l - 372, -2*o - 3*l + 4*l = 241. Let w = o - -126. List the prime factors of 161*1*(w - 3).
7, 23
Suppose -4*k + 4*o + 595 = -57, -5*o = k - 181. Suppose 0 = -4*p + 1210 + k. What are the prime factors of p?
2, 43
Let t = 177 - 175. What are the prime factors of (-4)/2 - 804/(-6)*t?
2, 7, 19
Suppose 0 = 413*q + 149*q - 6289904. List the prime factors of q.
2, 1399
Suppose 3*c - 21920 = -5*d + 22695, 0 = 4*d - 5*c - 35729. List the prime factors of d.
2, 4463
Suppose -60*b - 375 = -232*b - 31. Let w = -444 - -856. Suppose w = b*k + 108. List the prime factors of k.
2, 19
Suppose -5*p - i + 46777 = -68821, p - 23100 = -3*i. List the prime factors of p.
3, 7, 367
Suppose 67*i + 37*i = 108576. What are the prime factors of i?
2, 3, 29
Let n be 4 + (2 - -3) + (-12)/4. Suppose 3*b - n = 0, 4*b - 1754 = -26*q + 23*q. List the prime factors of q.
2, 3, 97
Let c(w) = w**3 + 6*w**2 + 6*w + 10. Let m be c(-5). Suppose -10*t + m*t + 1140 = 0. Suppose 11*h - 17*h = -t. List the prime factors of h.
2, 19
Suppose -4*w + 6713 - 66883 = -i, 0 = -i - 2*w + 60140. List the prime factors of i.
2, 3, 5, 401
Let b = -548 - -548. Suppose b = -3*a + 1266 - 936. List the prime factors of a.
2, 5, 11
Let i(d) be the first derivative of -2*d**2 - 10*d - 2. Let v = -46 + 38. List the prime factors of i(v).
2, 11
Suppose 0 = -54*o + 66*o + 9096. Let h = -31 - o. List the prime factors of h.
727
Let r = -550 - -552. Suppose -1419 = -3*x - r*i + 1265, -25 = 5*i. List the prime factors of x.
2, 449
Let l(r) = -r**3 + 21*r**2 + 28*r - 12. Let b be l(22). Let h be (4/(-10))/((-12)/b). What are the prime factors of 2/(h/(-9))*(23 - 29)?
3
Suppose -4*b + 6 = -10. Suppose 145 = -q - b*q. Let n = -15 - q. What are the prime factors of n?
2, 7
Suppose 30021 + 38941 = 10*g - 109328. List the prime factors of g.
3, 7, 283
Let q(f) = f**2 - 6*f + 7. Let m be q(5). Suppose 0 = -m*o + 8, -410 = 2*v - v - 2*o. What are the prime factors of v/(-2) + 0/(-9)?
3, 67
Let k be (6/(-9))/(4/(-858)). Let f = 474 + -251. Let s = f - k. List the prime factors of s.
2, 5
Suppose -2*k = -h - 927, 4*h + 3717 = 10*k - 5*k. Let f = 1307 + h. What are the prime factors of f?
2, 11, 17
Let a = -19 - -43. Suppose -17*u - 1813 = -a*u. List the prime factors of u.
7, 37
Let w = -911 + 9245. List the prime factors of w.
2, 3, 463
Let w(c) = 11*c**2 - 26*c - 7. Let r be (-3)/(-2) + 26/4. Let k be w(r). Let n = k + -335. List the prime factors of n.
2, 7, 11
Let g(u) = 655*u**2 + 8*u - 4. Let i(o) = -o**2 - 6*o - 7. Let a be i(-4). List the prime factors of g(a).
659
Let z(i) = 265 - 55*i + i**3 - 242 + 77*i + 6*i**2. List the prime factors of z(8).
3, 5, 73
What are the prime factors of 680376/114*950/100?
2, 28349
Let r(d) = -d**3 + 11*d**2 - 18*d + 11. Let g be r(12). Let y = 500 + g. List the prime factors of y.
151
Suppose 5*f - 1260 = -5*m, 3*f - 230 - 530 = -2*m. Suppose -8*t - f = -12*t. Suppose -4*d = -0*d - t. List the prime factors of d.
2
Let u = 10 - 8. Suppose 0*c - u*c = -60. What are the prime factors of ((-15)/c)/((-2)/8)?
2
Let h = 3647 + 1025. What are the prime factors of h?
2, 73
Let o = -1591 + 1438. Suppose -535 - 501 = -4*j. Let d = o + j. What are the prime factors of d?
2, 53
Let k = 24399 - 5841. Suppose 14*j - k = -806. What are the prime factors of j?
2, 317
Let w(y) = y**2 + 7*y - 9. Let h be w(4). Let c be (-1*3 - (-2 + 1)) + h. Let t = c + 25. What are the prime factors of t?
2, 29
Suppose -131*g + 13*g + 544359 = -3786005. List the prime factors of g.
2, 59, 311
Suppose -2*o + 7 = -d, -2*o - 3 + 0 = d. What are the prime factors of o*-3 + (370 + -5 - 2)?
2, 3, 5
Let k(w) = -13508*w + 4. List the prime factors of k(-1).
2, 3, 563
What are the prime factors of ((-1128)/15)/(24/(-1980))?
2, 3, 11, 47
List the prime factors of 39524/2 - (-1 - -15)*(-12)/(-42).
2, 3, 37, 89
Let z(c) = -2*c. Let u be z(1). Let s(p) = -22*p - 9*p - 7 - 6*p + 12*p + 2. What are the prime factors of s(u)?
3, 5
Let l(d) = 6*d**2 - 4*d**3 - 3*d**3 + 56 + 6*d - 66 + 2*d**3. List the prime factors of l(-4).
2, 191
Let s(b) = 25418*b - 455. List the prime factors of s(1).
3, 53, 157
Suppose -36832 = -4*l + 3*p + 81872, 2*p - 118684 = -4*l. What are the prime factors of l?
3, 7, 157
Suppose 0*w - 5*l = -4*w - 9, 5*w + 4 = -l. Let s(z) = -480*z - 45. What are the prime factors of s(w)?
3, 5, 29
Let f(z) = 7*z**3 - 5*z**2 + z - 6. Let w be f(4). Let j = 447 + w. What are the prime factors of j?
3, 271
Let x be (-2)/4 + (90/4)/5. Let h be (x/10)/((-10)/(-100)). What are the prime factors of ((-50)/h)/((-6)/12)?
5
Suppose 3*n + 4*o - 55681 = 8*o, -2*n + 37128 = o. List the prime factors of n.
19, 977
Suppose 0 = -6*r - 124 + 16. Let p = r + 63. List the prime factors of 99/(-2)*10/p*-3.
3, 11
Suppose -5*x - 103120 = -5*u, 3*x - 82629 = -3*u - 20787. What are the prime factors of u?
3, 29, 79
Let o = -7501 - -14003. What are the prime factors of o?
2, 3251
Let i = 16277 - -19696. What are the prime factors of i?
3, 7, 571
Let v = -127 + 23. Let o = v + 235. List the prime factors of o.
131
Let k(r) = -18*r + 18. Let i be k(-11). Let v = i + -20. What are the prime factors of v?
2, 7
Let o = -18084 + 43299. What are the prime factors of o?
3, 5, 41
Suppose -2*y + 0*y + 362 = 0. Let v = 3180 - 3071. Let p = y - v. List the prime factors of p.
2, 3
Let u(v) = 7*v**2 - 8*v + 57. What are the prime factors of u(-40)?
3, 17, 227
Suppose 0 = 4*w + 2*n - 15094, -10*w + 9*n + 15083 = -6*w. What are the prime factors of w?
7, 11
Suppose -2*f = 5*w - 23, w + 5*f = f + 19. Suppose 0 = w*z + 5*v - 1078, -9*v + 4*v + 712 = 2*z. What are the prime factors of z?
2, 3, 61
Suppo